 Let y be (8/6)/((-4)/(-12)). Suppose -n = d - y*d. Is d a composite number?
True
Let u(c) = 7*c - 23. Is u(10) a composite number?
False
Let v be 3 + -2 - 12/3. Let t be -3*v*-2*1. Is (-4)/t - (-392)/18 composite?
True
Let j = -5 + 4. Let s be 2 + (0 + j)/1. Suppose -s = -2*g + 45. Is g a prime number?
True
Suppose 0 = -8*f + 11*f - 6. Is 1 - -2 - -84 - f a prime number?
False
Let v(j) = j - 1. Let g be v(4). Suppose 23 = -g*f - 16. Let u = f - -19. Is u a composite number?
True
Let u(f) be the third derivative of f**8/6720 + f**6/720 - f**5/60 - f**2. Let o(n) be the third derivative of u(n). Is o(2) composite?
False
Let p = -67 - -128. Suppose -5*c + 137 = -3*s, 2*c + s + 3 - 60 = 0. Let h = p - c. Is h a composite number?
True
Let k(l) = 6*l. Let f be k(-5). Let o = 10 + f. Let a = o + 41. Is a prime?
False
Suppose -3*l - 2 = -2*l + 5*b, -2*b - 2 = 0. Is (-3)/(-4)*(55 - l) a prime number?
False
Let y(c) = c**3 + 7*c**2 + 4*c + 2. Let j be y(-5). Let x = j + -23. Is x a prime number?
False
Let j(t) = -3*t**3 - 15*t**2 + 17*t - 7. Let n(c) = -c**3 - 7*c**2 + 8*c - 4. Let v(d) = -2*j(d) + 5*n(d). Let m be v(4). Suppose -1 = -m*u + 13. Is u prime?
True
Suppose -4*v = v + 2*b - 28, 3*b = 5*v - 8. Suppose 4*p = -5*u - 19 + 49, 3*u - v*p = 50. Is u prime?
False
Let l(c) = -51*c + 9. Let t(h) = -13*h + 2. Let q(i) = 2*l(i) - 9*t(i). Is q(1) a composite number?
True
Let r(a) = 8*a + 7. Let q be r(5). Let t = 18 + q. Is t a prime number?
False
Suppose a + 701 = 2*a - 4*j, -a - 4*j + 661 = 0. Is a a composite number?
True
Suppose -a = -5*j - 29, 0*a + 37 = 3*a - 5*j. Suppose 0 = -5*t + a*t + 57. Is t a composite number?
True
Let h(c) = -c**3 + 4*c**2 - 3*c + 2. Let m be h(3). Let v = m - -29. Is v a composite number?
False
Suppose 3*v = -2*q + 14, -5*q - 6*v + 4*v + 57 = 0. Is q a composite number?
False
Let m = 91 - 54. Is m a prime number?
True
Suppose 0*w = -2*w + 6. Suppose -14*f - 860 = -19*f. Is f/12 + 2/w a composite number?
True
Suppose 0 = v + 5*a + 5, -a - 7 = -v - 0*a. Let n = -1 - 3. Is 8*4 - (n + v) a prime number?
True
Suppose -i + 0 = -2. Suppose 4*y + i - 54 = 0. Is y a composite number?
False
Let a = 1238 - 605. Is a prime?
False
Let b(v) = -363*v - 20. Is b(-2) composite?
True
Suppose 5*i - 17 = 28. Suppose -10 = 5*d, -3*w - 3*d + 3 - i = 0. Suppose 2*o - f - 253 = 0, -4*f + 385 = -w*o + 3*o. Is o a prime number?
True
Let z = 26 - 21. Suppose -5*y + 688 = 3*d - 10*y, -z*d + 1120 = -3*y. Is d prime?
False
Let g(h) = -17*h**3 - h**2 - 2*h + 1. Is g(-3) a composite number?
False
Let t(l) = 7*l**2 + 14*l - 25. Is t(14) prime?
True
Let b(d) = -2*d - 259*d**3 - d - d**2 + 2*d. Is b(-1) prime?
False
Let f(z) = z**2 + 7*z. Let w be f(-7). Suppose -6*i + 2*i - 4 = w. Is i/2 + (-252)/(-8) a prime number?
True
Let f(w) = -2*w**3 - 2*w**2 + w - 2. Let r be f(-2). Let h(c) = 18*c - 5. Let t be h(r). Is 0 + t + 0/1 prime?
True
Let h(a) = -4*a**2 + 7*a + 3. Let g(n) = -n**2 - 1. Let y(w) = 3*g(w) - h(w). Let z be y(6). Let i = 25 + z. Is i a prime number?
True
Let a(k) = -k - 16. Let s be a(-8). Suppose 0 = -d + 4*q - 7, d + 4*q + 2 = 19. Is (-26)/s - d/20 a prime number?
True
Let g = -3 - 2. Let o be (8/(-5))/((-1)/5). Let u = g + o. Is u prime?
True
Suppose -x + 24 = 5*l - 5*x, -4*l = -5*x - 21. Suppose 0 = l*n - 188 - 348. Is n a composite number?
True
Suppose -4*d + 5*q + 760 = q, 2*d - 5*q - 395 = 0. Is d prime?
False
Suppose -4*t - 706 = -2094. Is t a prime number?
True
Let a(q) = -q**3 + q. Let r be a(-2). Let l be r/4*(3 - -59). Suppose -o + 2*m + l = 0, -4*o + m + 392 = 3*m. Is o a prime number?
True
Suppose -3*l + 0*l = -15. Suppose -2*d + l*d = -4*o + 51, 0 = d - 5*o + 2. Is d a composite number?
False
Let i(u) = -143*u + 1. Let o(r) = r**2 + 3*r - 2. Let b be o(-3). Is i(b) composite?
True
Is 3073/63 - 2 - (-6)/27 prime?
True
Suppose 0 = -5*a + 4*k + 1293, -3*k = -5*a - 4*k + 1283. Is a a composite number?
False
Suppose 5*h = -3*b + 13 + 13, 2*h - 3*b = 23. Is h prime?
True
Let d(q) = 26*q + 1. Is d(3) a prime number?
True
Let d = 11 + -6. Let t(m) = -7*m**2 + 12*m**2 + 6*m**2 - 5*m - m**3 + d. Is t(6) a prime number?
False
Suppose 3*d + 2240 = 4*o, 4*o - 2208 = -7*d + 2*d. Is o a composite number?
False
Suppose 6*q - 5 = q. Let m = 2 + q. Suppose -m*y - 25 = -2*r, -3*r = -2*r - y - 13. Is r prime?
False
Let q be (32/10)/(3/(-15)). Let r = 41 - q. Suppose -3*c = -c + o - r, 5*c = -4*o + 135. Is c a composite number?
False
Suppose 596 = 4*o + 88. Is o prime?
True
Let m(c) = -17*c + 2. Let f be -4*2/(-4) - -14. Let q be ((-9)/(-4))/((-4)/f). Is m(q) prime?
False
Let i = -484 - -1005. Let m = i - 289. Suppose 4*r = -4*h + 196, -7*h + 2*h = -4*r + m. Is r a prime number?
True
Suppose 7*w = 3*w - 8, w - 136 = -2*k. Is k a composite number?
True
Let a(l) be the third derivative of -l**5 - 2*l**2. Let p be a(-1). Let b = -35 - p. Is b a composite number?
True
Suppose 0 = 2*l + 2*b - 4185 + 1235, 2*l - 3*b = 2960. Is l a prime number?
False
Suppose -3*s = 12, 0*z + 4*z + 4*s = -108. Let f = z - -37. Is f a composite number?
True
Suppose 124 = 5*x + 3*i, 28 = x - 2*i + i. Is x a composite number?
True
Let a(s) = -10*s + 2. Let d be a(-5). Suppose -d = -4*u + 24. Is u prime?
True
Suppose -1986 - 2412 = -3*s + f, -s - 4*f + 1453 = 0. Is s composite?
True
Let r = 5 + 0. Let z = r - 1. Suppose -2*d - 76 = -4*c, 5*c + z*d - 95 = -d. Is c prime?
True
Is 1180/12*(-3)/(-1) a composite number?
True
Suppose -715 = -6*j + j. Is j prime?
False
Let f = 7 - 17. Let h be -3 + (-1 - (-18 - 1)). Is (h/f)/(1/(-22)) a composite number?
True
Let i = -315 - -610. Is i a prime number?
False
Let m be (-2)/(5/((-150)/4)). Suppose 7*r = 4*r - n + m, 5*n = 5*r - 45. Is (3/r)/((-2)/(-132)) prime?
False
Suppose -4*d + 7*d - 9 = 0. Suppose -160 = 4*o - 888. Suppose -5*u = -o - d. Is u a composite number?
False
Let k(n) = 13*n**2 - 4*n + 3. Let r(q) = -q**3 + 4*q**2 - 2*q - 2. Let l be r(2). Is k(l) composite?
False
Let b = -8 + 11. Let w(g) = 7*g**3 + g**2 - 2*g - 1. Let d(m) = -8*m**3 - 2*m**2 + 3*m + 1. Let z(t) = 5*d(t) + 6*w(t). Is z(b) a composite number?
True
Is (-99 + (4 - 0))*-1 a composite number?
True
Is ((-2*7)/(-2))/((-8)/(-1192)) composite?
True
Suppose -3*m - m = -3*w - 1065, 2*w + 2*m + 710 = 0. Let c = w - -732. Is c a composite number?
True
Let l(c) = c**2 + 9*c + 29. Is l(-12) prime?
False
Suppose 2*c = -c + 12. Suppose c*q = 139 + 45. Is q a prime number?
False
Let q(o) = o**3 + 11*o**2 - 11*o + 17. Let j be q(-12). Suppose 2*c - 11 = -j. Suppose 28 + 188 = 3*y + c*d, -2*y - 5*d + 159 = 0. Is y composite?
False
Suppose -3*v - 4*a = -v - 14, -a - 5 = 0. Let l = 108 - v. Is l a prime number?
False
Suppose 3*d - 4 = -d. Let q be -1 - d - (-3 - 0). Is (1 - q) + 1*83 a prime number?
True
Let h(k) = -k**2 - 7*k + 2. Let c be h(-7). Suppose 0 = -4*j - c*i + 73 + 475, -5*i = 20. Is j composite?
False
Let r(w) be the second derivative of -w**4/12 + w**2 - 2*w. Let n be r(0). Suppose 44 = n*b - 134. Is b a composite number?
False
Is (-2063)/(-3) + -3 - (-1)/3 a composite number?
True
Suppose 7*s = 3*s + 3988. Let l = 1884 - s. Is l prime?
True
Let y = -111 - -322. Is y composite?
False
Let h(a) = 50*a**2 - 4*a + 2. Is h(2) a prime number?
False
Suppose -5*u + 36 = w, 34 = 4*u + 3*w + 3. Suppose -c = -2*l + u, 5*c + 19 - 4 = 5*l. Let z(g) = g**2 + 5*g + 1. Is z(l) prime?
True
Let y be (-3 - (-28)/8)*0. Suppose -5*r + 87 + 459 = -f, -r + 4*f + 113 = y. Is r composite?
False
Let g = -1 - -5. Suppose 103 = b - 3*h, -5*b + 428 = -b - g*h. Is b a composite number?
False
Let d(k) = -k**2 - 3*k + 2. Let a be d(-3). Suppose a*i - 253 + 65 = 0. Is i prime?
False
Is -1 - -2 - (-30 - -12) prime?
True
Suppose 2*r = -k + 11, 4*r - 14 = k + 11. Is (r/(-24))/((-1)/356) composite?
False
Suppose -4*c + 2*c = b - 185, -4*b - 2*c + 758 = 0. Is b a prime number?
True
Is 36/21 + -2 + 20598/14 composite?
False
Suppose 0*x + 3*x + 12 = 0. Let j(c) be the first derivative of 4*c**3/3 + 5*c - 3. Is j(x) a composite number?
True
Suppose 8*r - 580 = 4*r. Is r a composite number?
True
Let r be -58*(3 + (-17)/2). Suppose 468 = 3*d - 5*v, 2*d + v = 4*d - r. Is d composite?
True
Let p(m) = -m**3 - 7*m - 11. Is p(-5) a prime number?
True
Let u(r) = -r**2 - 8*r - 11. Let j be u(-5). Suppose 1